u.
2
Let j(a) = 2*a - 3. What are the prime factors of j(7)?
11
Suppose -2*a + 154 - 12 = 0. Let f = -37 + a. Suppose 0 = -5*v + 94 - f. What are the prime factors of v?
2, 3
Suppose 10*d = -47 + 207. What are the prime factors of d?
2
What are the prime factors of (-12)/4 - (-56 + (-4 - -1))?
2, 7
Let i(v) = v - 9. Let s be i(9). Suppose 0 = -5*t - 5 - s. What are the prime factors of 12/1 + (-3 - t)?
2, 5
Suppose -o = -2*o - 2. Let c = o + 5. Suppose -2*x + 45 = 5*h - 18, c*h - 2*x - 25 = 0. What are the prime factors of h?
11
Suppose 39 = 2*v - 21. Suppose -3*u - 3*j - v = 0, -4*u + 3*j - 16 = j. List the prime factors of (112/(-12))/(4/u).
2, 7
Suppose -3*h + 9 + 10 = -2*f, -3*h + f + 14 = 0. Suppose 6*r = 3*r + 3. Suppose r = m - h. List the prime factors of m.
2
Let q(v) = -v**3 - 10*v**2 - 36*v - 7. List the prime factors of q(-8).
3, 17
Suppose 2*v - 2 = v. Suppose 5*d - v*d - g + 4 = 0, g = 4. Suppose d*a + 4*a = 40. What are the prime factors of a?
2, 5
Let b(o) = -14*o + 7. What are the prime factors of b(-17)?
5, 7
Let g = -79 - -148. Suppose -a - 2*a + g = 3*x, -a = 3*x - 33. Let i = a - 6. What are the prime factors of i?
2, 3
Suppose 0 = -5*j - 0*j + 4*s + 4, j = -4*s + 20. Let p = 7 - j. What are the prime factors of p?
3
Let f(q) = -5*q. Let h be f(1). Let z(j) = -9*j - 4. Let i be z(h). Let w = i + -22. List the prime factors of w.
19
Suppose 7 = h + u, 2*h - 7 = 4*u + 19. Suppose 0 = 10*m - 14*m + 16. Suppose p - h = m. List the prime factors of p.
13
List the prime factors of 8*((-238)/(-22) - 22/(-121)).
2, 11
Suppose 4*l = 117 + 3. List the prime factors of l.
2, 3, 5
Let m = -56 + 82. List the prime factors of m.
2, 13
Let u = -4 + 8. Suppose 0 = -u*l - y - 27, -y + 3*y = -3*l - 24. What are the prime factors of -1 - -4 - (0 + l)?
3
Let r = -10 - -14. Let t = r - 0. Suppose 20 = 2*b - j, -20 = -5*b - j - t*j. What are the prime factors of b?
2
What are the prime factors of (-3)/(-2 - 75/(-39))?
3, 13
Let m(y) = y + 68. What are the prime factors of m(-19)?
7
Suppose -95 = 5*m - 290. List the prime factors of m.
3, 13
Suppose 5*k = 5*p - 615, 5*k + 487 = 8*p - 4*p. What are the prime factors of p?
2
What are the prime factors of (3/(-1))/(18/(-1086))?
181
Let d = 166 + -100. List the prime factors of d.
2, 3, 11
List the prime factors of 1 - 2 - (6 + -66 + -2).
61
Let s(a) = 5*a**2 - 20*a + 12. List the prime factors of s(8).
2, 43
Suppose 0 = -4*a + 4*b + 104, -a - b = -5*b - 32. List the prime factors of a.
2, 3
Suppose -5*a = -k + 139 - 36, -5*k - 5*a + 425 = 0. What are the prime factors of k?
2, 11
Suppose 0*x = -x + 6. Suppose 0*j + x*j - 90 = 0. What are the prime factors of j?
3, 5
Let h be (-7)/((-14)/36) + 0. Suppose 0 = 4*j - 18 - h. Suppose -3*c - 4*g + 11 = -j, -c = -4*g - 12. What are the prime factors of c?
2
Let l(n) = n**3 - 5*n**2 + 2*n + 1. List the prime factors of l(6).
7
Let w(h) = -h + 14. What are the prime factors of w(4)?
2, 5
Suppose -w - 4*w = 20. Let j = 21 + w. Let g = -5 + j. What are the prime factors of g?
2, 3
Let x(z) = -2*z**2 - 2*z + 3. Let c(q) = -4*q**2 - 3*q + 5. Let s(k) = -6*c(k) + 11*x(k). Let p = -12 - -14. What are the prime factors of s(p)?
3
Let h = 10 - 5. Suppose 3*y + 33 = h*c + 2*y, 0 = -3*y + 6. Suppose 2*o - 19 = -c. List the prime factors of o.
2, 3
Suppose 5*h + 6*p - 4*p = 119, h - 27 = -2*p. Suppose 6*x - 3*x + 4*c - h = 0, x - 29 = 4*c. What are the prime factors of x?
13
Let l(x) = -x**2 + 11*x + 5. Let s(r) = r + 3. Let j be s(6). What are the prime factors of l(j)?
23
Suppose 77 = 5*i + 2*g - 125, 2*i + 2*g - 82 = 0. What are the prime factors of i?
2, 5
Suppose -3*v - v + 40 = 4*m, -45 = -4*v - 3*m. Suppose -5*c + 50 = -5*j + v, 0 = 5*c + 4*j - 80. What are the prime factors of c?
2, 3
Let z = -6 + 8. Let u(y) = -y + 18. Let r be u(0). Suppose -2*s - z = -r. What are the prime factors of s?
2
Let p(k) = k**2 - 6*k + 7. Let s be p(5). Suppose -4*g - 5*l - 8 = 1, -18 = -2*g + s*l. Let c(x) = 2*x - 4. What are the prime factors of c(g)?
2
Let o = -17 - -35. Suppose 0 = -3*i - o + 66. What are the prime factors of i?
2
Let y be ((-454)/(-4) - -2)*2. List the prime factors of (-2)/8 + y/28.
2
Suppose 5*h - 55 = 10. What are the prime factors of 1 + 2 + h + 2?
2, 3
List the prime factors of (-10)/15 + (-136)/(-6).
2, 11
Let b(v) = -v + 2. Let m be b(4). What are the prime factors of (-252)/(-7) + (m - 1)?
3, 11
Suppose 5*f - 500 = 240. List the prime factors of f.
2, 37
Let v(g) = 2*g**2 + 4*g - 3. What are the prime factors of v(-6)?
3, 5
Let h(l) = 4*l**3 + l - 1. Let p = -10 + 15. Let c(b) = -b**3 + 6*b**2 - 4*b - 4. Let m be c(p). List the prime factors of h(m).
2
Suppose 2*y = 3*n - 39 + 251, -2*y - 4*n = -240. List the prime factors of y.
2, 7
Let o be (1 + -1)/((-2)/1). Let q be 5/2*8/(-2). What are the prime factors of (o - 1)/(1/q)?
2, 5
Suppose h = w + 5*h + 4, 3*h + 3 = -4*w. Suppose v = -w*v. Suppose 0 = -j - v + 2. What are the prime factors of j?
2
Suppose -4*m + m = -144. Let i = 65 + -64. What are the prime factors of (i/(-2))/((-8)/m)?
3
Suppose 7*n - 445 - 262 = 0. What are the prime factors of n?
101
Suppose 3*o - 11*o + 16 = 0. Let i(b) be the third derivative of b**6/120 - b**5/60 + b**4/24 - b**3/3 + b**2. What are the prime factors of i(o)?
2
Let q = 461 + -140. What are the prime factors of q?
3, 107
Let c = 282 + -190. List the prime factors of c.
2, 23
Suppose -5*u = -6*u + 4. Suppose f = -u + 22. List the prime factors of f.
2, 3
Let r = -225 - -315. What are the prime factors of r?
2, 3, 5
Suppose 830 = 20*s - 15*s. List the prime factors of s.
2, 83
Let i be (-2)/(-7) - (-904)/(-28). Let o = i - -54. What are the prime factors of o?
2, 11
Suppose -3*m - 2*r + 1 = 0, -5*m - 4*r - 1 = -0. What are the prime factors of m?
3
Let g = 28 + -22. Suppose m + g = 4*m. What are the prime factors of m?
2
Let i(a) = -a**3 + 5*a**2 - a - 1. Suppose q + 3*s = -6, -5*q + 2*s + 15 = -6. List the prime factors of i(q).
2, 7
Let i(g) = -g**3 + 6*g**2 + 4. Let a be i(6). Suppose 5*p = -a*o + 91, -5*p = -p + o - 75. List the prime factors of p.
19
What are the prime factors of (-6)/(1/(7/(-2)))?
3, 7
Let s(o) be the second derivative of -o**5/20 + o**4/12 + o**3/6 + 23*o**2/2 + 4*o. List the prime factors of s(0).
23
Let z = 217 + -133. What are the prime factors of z?
2, 3, 7
Let s be -9*((-1)/(-3) + -1). Let c(u) = -u**2 - 5 - u**2 + s*u**2 - 4*u + u**3. List the prime factors of c(-4).
11
Let x be (10/3)/(2/(-6)). Let u = x - -19. List the prime factors of u.
3
Let d(l) = -34*l - 2. What are the prime factors of d(-1)?
2
Let g(h) = -h**3 - 12*h**2 - 15*h - 15. What are the prime factors of g(-11)?
29
Let d be 5 + 0 - (-2 - -3). Let j = 8 + d. List the prime factors of j.
2, 3
Let i = 6 - 3. Suppose -a = 5*y - 54, -5*a + 27 = y - 3. Suppose i*f - y = f. List the prime factors of f.
5
Let m(y) = -2*y - 8. Suppose 2*k + 9 = 3*b - 1, 5*b - k = 12. Let z be 8/b*(0 + -2). List the prime factors of m(z).
2
Let v be (-3)/(-2)*(-472)/(-6). Suppose r = -4*n + v, 0 = -2*n + n - 2*r + 33. What are the prime factors of n?
29
Suppose 4*q - 25 + 5 = 0. Let m(l) = -4 - 2 + 3*l + 0. What are the prime factors of m(q)?
3
Suppose 5*a + 3*z - 115 - 192 = 0, -4*a = -3*z - 224. List the prime factors of a.
59
What are the prime factors of (-6)/(-12)*(-288)/(-2)?
2, 3
Let q(d) = d**2 - 2*d + 3. Let w be (-135)/25 + 2/5. Let r be (-8)/w*15/6. What are the prime factors of q(r)?
11
List the prime factors of 181 - (0 + -4) - -5.
2, 5, 19
Suppose -2*j + 5*j = 0. Suppose -4*t + 5*b = 20, 5*t - 5*b + 20 = -j*b. What are the prime factors of (t - 3/(-3))*7?
7
Suppose 10*t - 6*t = 8. List the prime factors of -4*-3*5/t.
2, 3, 5
Suppose 2*b = 5*u - 24, 4*u = -3*b + 27 + 6. What are the prime factors of u?
2, 3
Let p(m) = m + 3. Let g(v) = -v - 5. Let j(w) = -6*g(w) - 10*p(w). Let c be j(-1). Suppose -41 = -c*f + 3*s, -5*f + 34 = s + s. List the prime factors of f.
2
Let q(x) = 4*x - 4. Let d be q(3). Suppose -4*k = -d - 32. What are the prime factors of k?
2, 5
Let k be -9*(-2)/(-6)*1. Let y(o) = -o**3 - 2*o**2 + 2*o + 1. What are the prime factors of y(k)?
2
Let g(c) = 83*c**2 + 4*c - 4. List the prime factors of g(1).
83
Let m = 165 + -83. What are the prime factors of m?
2, 41
L